derivative of -v**4/24 + v**3/6 - 4*v**2. Let r(w) = -5*w + 5. Let m(a) = -6*g(a) + r(a). Give m(2).
1
Let x(w) be the second derivative of -w**5/10 - w**4/4 - w**3/6 + 21*w. Calculate x(-2).
6
Let a be 1/(-4) - 13/(-4). Suppose -a*j + 6 = -6. Let n = j - 0. Let d(u) = -u**2 + 6*u - 4. What is d(n)?
4
Let h(x) = 3*x - 1. Let a = 6 - 9. What is h(a)?
-10
Let n be 6 + 12 - -2*1. Suppose -5*y + n = -y. Let m(x) = x**2 - 8*x + 5. Determine m(y).
-10
Let f(k) = -10*k**2 + 2*k - 1. Suppose -2*d + 8 = -3*u, u = -2*d - 0*d + 16. Suppose 0 = d*g - 11*g + 4. What is f(g)?
-9
Let b(v) be the first derivative of -2*v**3/3 + v - 2. Determine b(-1).
-1
Suppose 11*r = 15 - 48. Let f(v) = -4*v + 2. What is f(r)?
14
Suppose 30 = -6*x + 12. Let v(c) = c**3 + 4*c**2 - 1. What is v(x)?
8
Let d(b) be the third derivative of b**6/120 + b**5/30 - b**4/8 + 3*b**2 - 3. Calculate d(-3).
0
Let u(s) = -s**3 - 5*s**2 - 5*s + 1. Suppose 36 = 4*n - 13*n. What is u(n)?
5
Let b = -26 - -30. Let l(f) = f - 7. Give l(b).
-3
Let z(j) = -j**3 - 4*j**2 - 2*j + 3. Let g be 3 - 1 - (3 + 2). Give z(g).
0
Let q(s) = 3*s + 5 + 12 - 2*s. Give q(0).
17
Let r be -1*1/2*2. Let s(a) be the second derivative of 13*a**4/12 + a**3/6 + 62*a. What is s(r)?
12
Let q(w) = w**3 + 6*w**2 + 4. Let d = 13 + -18. Calculate q(d).
29
Let f = -26 + 26. Let o(m) = m**3 - m**2 - 10. Calculate o(f).
-10
Let b = -8 + 8. Let k be (3/(-6)*b)/(-1). Let m(v) = -v**2 - 10. Determine m(k).
-10
Let w(h) = 22 + 20 - h - 39. What is w(4)?
-1
Let p be 2/(-3)*12/8. Suppose -3*k + 5*h + 34 = 0, 11 - 1 = -2*h. Let g(y) = -2*y + k*y - 7*y**2 - 1 - 3*y. Calculate g(p).
-6
Let x(i) = i**2 + 5*i - 6. Let k be x(-6). Let u(m) = -3*m**2 + k*m**2 + 0 - m**3 + 4*m - 1. Calculate u(-4).
-1
Let j be (-52)/14 + (-4)/14. Let d(g) = -3*g**2 - 2*g + 11. Let t(u) = 4*u**2 + u - 14. Let q(b) = 3*d(b) + 2*t(b). Calculate q(j).
5
Let r(o) = 5*o - 24. Let w be r(6). Let f(h) = -2*h + 6. Give f(w).
-6
Let i = 9 + -3. Let b be (-8)/12 + 16/i. Let c(m) = 3*m**2 - 3*m. Give c(b).
6
Let p be (-184)/16 - 1/(-2). Let c = 15 + p. Let d(h) = 2*h - 4. Determine d(c).
4
Let z(v) be the first derivative of -5*v**4/4 + 12. Determine z(-1).
5
Let j(o) = o. Let y(q) = -2 + 3 + 4*q - 12. Let h(p) = 5*j(p) - y(p). Calculate h(-5).
6
Suppose t = 8 - 13. Suppose -4*h - 16 - 12 = 0. Let g(o) = 7*o - 1. Let l(w) = -8*w + 2. Let k(f) = h*g(f) - 6*l(f). Give k(t).
0
Let m(t) = 3*t - 7. Let d(s) = -s - 1. Let x(g) = -d(g) - m(g). Suppose 0 = 3*v - v + k - 17, -8 = 2*v - 4*k. Give x(v).
-4
Let c(d) = d. Suppose 2*n = 6 - 2. Suppose -2*l = 2*q - 4, -5*q = -0*l + 2*l + n. Calculate c(q).
-2
Let b be (-2 + -3)*(-2)/2. Suppose g = 4*c - 12, 0 = b*c - 0*c - 3*g - 8. Suppose -8*t + 20 = -c*t. Let u(a) = -a**3 + 4*a**2 + 4*a + 4. What is u(t)?
-1
Suppose 5*o - 5 = -5*r - 0, 4*o = 3*r + 11. Let m(u) = -3*u - 1. Let d be m(r). Let p(g) = -g**3 + g**2 - 1. Calculate p(d).
-5
Let x(t) = -t - 7. Suppose 4*z = z + 12. Suppose -3*r - z*p - 15 = 8, 3*r + 5 = 5*p. Give x(r).
-2
Let i(z) be the second derivative of 1/6*z**3 + 3*z + 2*z**2 + 0. What is i(0)?
4
Let f(m) = -m**3 + 6*m**2 - 4*m. Let g be ((-25)/(-10))/((-1)/(-2)). Determine f(g).
5
Let r(o) be the third derivative of o**6/120 - o**4/24 + 2*o**3/3 + 8*o**2. Let i(n) be the first derivative of r(n). What is i(2)?
11
Suppose -16 = 17*v + 69. Let t(h) = h**3 + 6*h**2 + h - 2. What is t(v)?
18
Let z(g) be the third derivative of -g**6/120 - g**5/60 - g**4/24 - g**3/6 + g**2. Let d = -241 - -239. Give z(d).
5
Let l(v) = 2*v + 1. Let m be l(1). Let d = -5 + m. Let s = 7 + d. Let u(j) = -j**2 + 2*j + 4. Give u(s).
-11
Let o(j) = -j. Let c(g) = 3*g**2 - 7*g. Let k(d) = c(d) - 6*o(d). What is k(2)?
10
Let v(b) = b**2 - 3*b + 2. Suppose -2*t + 42 = 2. Suppose -k + 6*k = t. Give v(k).
6
Let u(g) = -228*g**2 - g + 5*g - g**3 + 2 + 226*g**2. Determine u(-3).
-1
Let n(m) be the second derivative of m**5/20 - 13*m**2/2 + 9*m. Calculate n(0).
-13
Let w(g) = g**3 - g**2 - g. Let u be w(2). Let p(x) = -x**2 + 3*x - 3. Calculate p(u).
-1
Let n(z) be the first derivative of z**5/20 - z**4/12 - z**3/6 + 5*z**2/2 + 7*z + 7. Let j(f) be the first derivative of n(f). Calculate j(0).
5
Let o(z) = 6*z. Let r(a) = a. Let n(w) = -2*o(w) + 11*r(w). Let h(f) = 13*f**2 - 1. Let m be h(1). Let x be 4 + m/(-4) + 0. Calculate n(x).
-1
Let z(q) = -9*q + 1. Suppose -3*o - 56 + 17 = 0. Let p(v) be the first derivative of 19*v**2/2 - 2*v + 1. Let n(g) = o*z(g) - 6*p(g). Calculate n(2).
5
Let k(z) be the second derivative of -5*z**4/24 + z**3/6 + z**2/2 + z. Let t(u) be the first derivative of k(u). Determine t(1).
-4
Let g(i) = i**3 + 3*i**2 + i - 2. Suppose 2*m = 4*m. Let b be 0/1 - (m + 3). What is g(b)?
-5
Suppose 3*o = -o. Suppose 0 = k - o*k - 3. Let f(p) be the third derivative of p**4/12 - 2*p**3/3 + p**2. What is f(k)?
2
Let l(c) be the second derivative of -c**3/3 + 3*c**2/2 + 43*c. Let v = 2 - -2. Give l(v).
-5
Let w(m) = -m**3 - 5*m**2 - m - 4. Suppose -2*t = -t - 2. Let g be 2 - (4 + 1) - t. Give w(g).
1
Let s(j) = 7*j + 5. Let c(u) = -u**2 - u - 1. Let o(v) = c(v) + s(v). Give o(3).
13
Let f(c) be the second derivative of -c**3/6 + c**2/2 + 2*c. Suppose 3*n = 0, n - 16 = -4*h - 4*n. Suppose -r + 2*y - 5 = 0, -2*r - 2 = -0*y + h*y. Give f(r).
4
Let f(v) be the third derivative of v**6/120 - v**5/10 + v**4/8 + 2*v**3/3 - 2*v**2. Determine f(5).
-6
Suppose q - 14 = -6*q. Let u(m) be the first derivative of 2*m**2 + 1/3*m**3 + 2*m - q. What is u(-4)?
2
Let x be (0 + -3)/((-6)/8). Let m(o) = 0*o + 0*o - o**2 - x + 6*o. Let d be -3 + 0 + 0 + 6. What is m(d)?
5
Let i(p) be the second derivative of p**4 - 5*p**3/6 + 2*p**2 - 4*p. Let a(u) = 13*u**2 - 6*u + 5. Let c(n) = -5*a(n) + 6*i(n). Calculate c(-1).
6
Let q(u) be the third derivative of u**4/12 - u**3/2 + 25*u**2. Let m(c) = c + 1. Let p be m(-4). Determine q(p).
-9
Let y(k) = -4*k - 7. Suppose 0 = -r + 3*f + 9, 2*r + 0*f = f + 8. Suppose -10 = 2*z - 4*h, -r*z - z - 2*h = 20. Determine y(z).
13
Let b be -2 - (-2 - -4) - 0. Let a(q) = q**2 - 5*q - 3. Let p be a(6). Let o(l) = -p + 2 + l + 3*l - 3*l. Determine o(b).
-5
Let x(k) = 5 - 12*k + 5 + 13*k. What is x(-5)?
5
Let t(g) be the third derivative of -g**5/60 - g**4/24 + 9*g**2. Give t(-2).
-2
Let v(s) = s**2 + 3*s + 2. Let n(x) = x**3 + 7*x**2 - 10*x - 2. Let m be n(-8). Suppose -j + 0*j = m. Let q be j/8 + (-5)/20. Calculate v(q).
0
Let v(r) = -3*r + 7. Let y be v(3). Let a(q) = -4*q**2 + q - q**3 - 2 + 3*q**2 + 0*q**3. Determine a(y).
0
Let k(h) be the first derivative of h**3/3 + h**2 - 3*h + 10. Let j(i) = i**2 + 2*i - 2. Let u be j(2). Let z = u - 10. Give k(z).
5
Let q(k) = k**3 + 7*k**2 + 5*k - 1. Let t be q(-6). Let u(v) be the first derivative of -v**2 + 3*v - 11. What is u(t)?
-7
Let y(u) be the third derivative of -2*u**2 - 1/4*u**4 + 0*u - 1/60*u**5 + 0 - u**3. Determine y(-5).
-1
Let m(x) = 2*x + 5 - 3 + 0*x + 0*x. What is m(-3)?
-4
Let w(j) = j**3 - 5*j**2 + 5*j - 5. Suppose 25 = -5*z, -2*p - 2*z + 1 = 3. Let v(l) = l**3 - 5*l**2 + 6*l - 4. Let f be v(p). Determine w(f).
-1
Let i(d) = -d + 7. Suppose -3*f = -9 - 0. Let a = f + -4. Let b be (0/(0 + a))/2. Determine i(b).
7
Suppose -10 = 2*n - 0*n. Let x(d) = -4*d - 2. Let o(r) = -7*r - 3. Let s(m) = n*x(m) + 3*o(m). Let q(z) = -1. Let l(b) = -5*q(b) - s(b). Calculate l(4).
8
Let g(n) be the third derivative of n**6/180 - n**5/20 - n**4/4 + 4*n**2. Let o(u) be the second derivative of g(u). Calculate o(4).
10
Let w(i) = -3 + 2*i - 4*i + 8*i. Suppose 6 = -3*n, 0*n - 4*n - 16 = 2*p. Let z be (-1 - p)*2/3. Determine w(z).
9
Suppose 1 = 7*u - 27. Let o(v) = -v**3 + 2*v**2 + 6*v - 4. Calculate o(u).
-12
Let d(i) = 6*i + 7*i**3 + 50 - 58 - 6*i**3 + 9*i**2. Determine d(-8).
8
Suppose -5*o - 2 = -12. Let s(d) = -3*d**2 + 8*d - 2*d - 3*d**3 + 6*d**3 + 2*d**2. Let y(j) = -4*j**3 + j**2 - 7*j. Let m(q) = -5*s(q) - 4*y(q). Determine m(o).
8
Let d(a) = -10*a**3 - a. Let y(m) = -3*m - 1. Let t = 1 - 3. Let b be y(t). Suppose -x + 4*g - 13 = 4*x, -3*g = -b*x - 11. What is d(x)?
11
Let t(d) = d**2 - 10*d - 8. Suppose 0 = 3*k + i - 40 + 5, 0 = 5*i - 25. Determine t(k).
-8
Let b(d) = -d - 2. Suppose 4*l + 3*t - 11 = -0*l, 5*t - 25 = 0. Let n be -1 + (-3 - (l + -6)). What is b(n)?
-5
Let h(i) = -3*